4))/(114/(-24) + 4). Suppose -4*x + 0*x + 1564 = 0. What is the greatest common divisor of v and x?
17
Let g(j) = j + 17. Let v be g(-13). Let t(n) = 3*n - 4. Let r(h) = -h. Let o(u) = 2*r(u) + t(u). Let b be o(5). Calculate the highest common divisor of b and v.
1
Let l(s) = 2*s**2 - 6*s - 2. Let v be l(8). Let u(j) = -2*j**2 + 39*j - 127. Let g be u(5). What is the greatest common divisor of v and g?
6
Let l be 2478/154 + 3/(-33). Suppose 3*c + 3900 = l*c. What is the highest common factor of 60 and c?
60
Let v be ((-116)/(-16) - 6)*(-192)/(-40). Let i = 51 - -3. Calculate the highest common divisor of v and i.
6
Suppose -14*o = -30*o + 9216. Calculate the greatest common factor of o and 9.
9
Let v = -68 + 101. Let n be (-138840)/(-200) - (-24)/(-20). Calculate the highest common divisor of n and v.
33
Suppose -20 = 5*n, -97*v - 4316 = -98*v - n. Calculate the greatest common factor of 128 and v.
32
Suppose -11*b + 81*b = 3010. What is the greatest common factor of 86 and b?
43
Suppose 5*n + 5*k - 4 - 1 = 0, 4*n + k + 11 = 0. Let j(m) = -28*m + 7. Let l be j(n). Suppose -6*q + l = q. What is the greatest common factor of q and 85?
17
Suppose 0*y + 956 = 4*l - 2*y, -476 = -2*l + 2*y. What is the greatest common factor of l and 160?
80
Let i(b) = b**2 + 4. Let r be i(0). Suppose 15*x + 520 = 41*x. Suppose 4*u - x = -5*j, -r*j + 0 - 25 = -5*u. What is the greatest common factor of 5 and u?
5
Let d = 43 - 41. Suppose -5*q + 2 + 0 = -d*k, -5*q = -4*k + 6. Suppose b - i + 33 = 5*b, -k*i + 6 = -2*b. Calculate the highest common divisor of 1 and b.
1
Suppose 274*i = 251*i + 920. Calculate the highest common factor of 25780 and i.
20
Suppose 0 = -31*x + 29*x + 18. Let g(c) = 9*c + 17. Let w be g(x). Calculate the greatest common factor of w and 28.
14
Suppose 6*v = -67*v + 153300. What is the greatest common factor of v and 80?
20
Suppose -2*t + 6*l - 3*l + 33848 = 0, 0 = 6*t - 3*l - 101592. What is the greatest common divisor of t and 116?
116
Let u = -272 - -382. Suppose d = -d + u. Let r = 3878 - 3868. What is the greatest common factor of d and r?
5
Let w(k) = k**3 + 96*k**2 - 7*k - 648. Let l be w(-96). Calculate the greatest common factor of 5784 and l.
24
Suppose 123*x - 2791 = -5*r + 122*x, -r - 4*x + 524 = 0. Calculate the highest common factor of r and 11060.
140
Let x = 47019 - 46979. Suppose 1 - 7 = -3*i. Suppose 3*r - 33 = -3*t, -3*r + i*t = 2*r - 90. What is the greatest common divisor of x and r?
8
Let d be (261/(-174))/((-14)/28). Suppose 3*o + 5*c = 125, -4*c + 0*c - 20 = 0. Let b be o + 0/(-1) + 1. What is the greatest common factor of b and d?
3
Let u = 4116 - 4089. What is the highest common factor of u and 1251?
9
Suppose -z = -5, 4*t - 2*t - 27 = 5*z. Let s = 70 - t. Suppose -1865 + 1913 = 12*f. What is the greatest common divisor of f and s?
4
Let f = 642 - 447. Suppose -m + 14*m = f. What is the highest common divisor of 215 and m?
5
Let q be 1/(1 + (0 - 2)). Suppose -4*u + 3*o = -13 + 12, -o + 3 = 2*u. Let d be (-1 + u - q)*5. What is the greatest common divisor of d and 55?
5
Let z = 1319 + -995. What is the highest common divisor of z and 1053?
81
Suppose 41 = 8*i - 47. Suppose i*l + 42 = 13*l. Calculate the greatest common divisor of l and 7.
7
Let v(w) be the second derivative of w**5/20 - 7*w**4/12 + 11*w**3/6 - 21*w**2/2 + 54*w. Let r be v(7). Calculate the highest common divisor of 8 and r.
8
Let j(r) = 1415*r**2 + 33*r - 34. Let t be j(3). Calculate the highest common divisor of t and 25.
25
Suppose 370*n - 4586 - 6514 = 0. Calculate the highest common factor of 4300 and n.
10
Let a(d) be the second derivative of -d**4/12 + 3*d**3/2 - 7*d**2/2 - 30*d. Let f be a(5). Calculate the greatest common divisor of f and 117.
13
Let d be -960*(-8*27/(-144))/((-15)/4). What is the highest common factor of d and 992?
32
Let g(q) = -q**2 + 15*q + 64. Suppose 36*b = 5*b + 527. Let k be g(b). Calculate the highest common factor of k and 570.
30
Suppose 8 = -39*y + 37*y, -458 = -2*a - y. What is the highest common divisor of 84 and a?
21
Let p = 983 + -672. Suppose -13*j + p + 599 = 0. Suppose 3*l = -2*s + 82, 0 = -2*l + 3*l - 2*s - 30. What is the highest common divisor of l and j?
14
Suppose -4*t = 2*g - 3152, 2*g + 1824 = 5*t + 4985. Calculate the highest common factor of g and 6049.
263
Let p(u) = -u**2 - 12*u + 1004. Let l be p(-38). What is the greatest common divisor of l and 784?
16
Let j be (-561)/(-68) + -10 + (-126)/(-8). What is the highest common factor of j and 448?
14
Let b(c) = -4*c**2 + 3*c + 1. Let n be b(3). Let g be ((-8)/14)/(n/273). Calculate the greatest common divisor of g and 24.
6
Suppose -2*y - 5 = -3*a + 31, 0 = -4*y. Suppose -a*u + 45 = -7*u. Suppose 7*z = 2*z + 15. Calculate the highest common factor of z and u.
3
Let x be (779/(-38) + 20)*-78. What is the greatest common divisor of x and 90?
3
Let p = 10693 - 10504. Calculate the highest common divisor of 924 and p.
21
Let v(n) = 3*n**3 + 152*n**2 - 34*n + 1070. Let w be v(-51). What is the highest common factor of 490 and w?
7
Suppose -r = -0*r - 21. Let d = 997 - 962. What is the greatest common factor of d and r?
7
Let n(t) = 0 - 6 - 1 - 9*t. Let i be n(-2). Calculate the greatest common factor of 121 and i.
11
Let m = -156 - -156. Suppose m = 3*v + v - 3*a + 5, 0 = v - 3*a + 8. Calculate the greatest common divisor of v and 43.
1
Let s = 14080 + -13996. Calculate the greatest common divisor of 240 and s.
12
Let o(h) = h + 11*h + 8*h - 19*h + 31*h - 317. Let l be o(10). Let d be 1 + (-2)/(-3)*39. Calculate the highest common divisor of d and l.
3
Let j be (2 - 1)*(0 + 5). Suppose -j + 19 = 2*x. Let f be 25/3 - (56/(-12))/x. Calculate the greatest common factor of 6 and f.
3
Suppose -3*w = -8 + 23, 0 = -4*o - 4*w - 128. Let l be (o - -26)/(2/(-32)). What is the greatest common factor of 208 and l?
16
Suppose -36*v + 20874 = 35*v. What is the greatest common factor of v and 2254?
98
Suppose 103*k - 131*k + 14196 = 0. Suppose -3*c - 2*c + 195 = 0. Calculate the highest common divisor of k and c.
39
Suppose 0 = -4*j - 180 - 184. Let h = -27 - j. Calculate the greatest common factor of 32 and h.
32
Suppose 3081 - 157 = 2*w - 3*q, 0 = -4*w + 2*q + 5856. Suppose 5*a + 4*k - w = 0, 3*a + 5*k - 866 = -0*a. What is the highest common factor of 22 and a?
11
Suppose 2*o - c + 2 - 78 = 0, -20 = 5*c. Let s be 1791/36 - 2/(-8). Let k be (-3)/(-12)*s - (-2)/(-4). Calculate the greatest common factor of k and o.
12
Suppose 7279*t - 7248*t = 555985. What is the highest common factor of t and 170?
85
Let m(b) = -4*b - 23. Let k = -42 + 31. Let o be m(k). Suppose -27 = -a + o. Calculate the greatest common divisor of 32 and a.
16
Suppose 0 = -13*y + 14*y - 6. Let t(p) = 4*p + 3. Let b be t(y). Suppose 5*h - 122 = -4*s - b, -9 = -3*h. Calculate the greatest common divisor of 8 and s.
4
Suppose 0 = 67*s - 2276 - 1007. Calculate the highest common factor of 84 and s.
7
Let u be 5 + -1 + (3 - 9 - -4). Let c be (4 - 5)/(u/(-10)). What is the greatest common factor of c and 55?
5
Suppose 25*n - 652 = 48. Calculate the highest common divisor of n and 284.
4
Suppose -z + 15 - 3 = -4*q, -4*z + 4*q + 60 = 0. Suppose 0 = -6*t + 367 + 17. What is the greatest common divisor of z and t?
16
Let b = 9816 - 9438. Calculate the greatest common divisor of b and 1218.
42
Suppose 3*c + 4 = 4*l, -2*c = 2*l - 5*c + 4. Suppose 6*t - l*t = 350. Suppose -14*d - 20 - 755 = -45*d. What is the greatest common factor of d and t?
25
Suppose 44*s - 1273028 = -176372. Calculate the highest common divisor of 536 and s.
268
Suppose -565 + 25 = -30*j. Calculate the greatest common factor of 819 and j.
9
Let g(r) = 2861*r**2 + 5*r - 4. Let w be g(1). What is the greatest common divisor of 212 and w?
106
Suppose -201 = -6*s + 285. Let a = s - 61. Suppose -b + 2*z = -a, 4*b + 2*z = -b + 64. Calculate the highest common divisor of 7 and b.
7
Suppose 3*f = -4*y + 2071, 16*f + 2*y + 2776 = 20*f. Calculate the greatest common factor of 84 and f.
21
Suppose 3*f + 551 = 5*z + 113, -164 = -2*z + 4*f. Suppose -z = 9*i - 11*i. What is the greatest common divisor of i and 225?
45
Let a(l) = 307*l - 7478. Let x be a(89). Calculate the highest common divisor of 10 and x.
5
Let g(t) = 24*t - 9. Let i be g(42). Cal